[INFO] cloning repository https://github.com/TheDan64/dd-term
[INFO] running `Command { std: "git" "-c" "credential.helper=" "-c" "credential.helper=/workspace/cargo-home/bin/git-credential-null" "clone" "--bare" "https://github.com/TheDan64/dd-term" "/workspace/cache/git-repos/https%3A%2F%2Fgithub.com%2FTheDan64%2Fdd-term", kill_on_drop: false }`
[INFO] [stderr] Cloning into bare repository '/workspace/cache/git-repos/https%3A%2F%2Fgithub.com%2FTheDan64%2Fdd-term'...
[INFO] running `Command { std: "git" "rev-parse" "HEAD", kill_on_drop: false }`
[INFO] [stdout] 2854b576532842401818c4b917234f2b490ae1b7
[INFO] checking TheDan64/dd-term against try#72f88fc4e9458f89516a0b8b0868f3718aec5b47 for pr-74989
[INFO] running `Command { std: "git" "clone" "/workspace/cache/git-repos/https%3A%2F%2Fgithub.com%2FTheDan64%2Fdd-term" "/workspace/builds/worker-13/source", kill_on_drop: false }`
[INFO] [stderr] Cloning into '/workspace/builds/worker-13/source'...
[INFO] [stderr] done.
[INFO] validating manifest of git repo https://github.com/TheDan64/dd-term on toolchain 72f88fc4e9458f89516a0b8b0868f3718aec5b47
[INFO] running `Command { std: "/workspace/cargo-home/bin/cargo" "+72f88fc4e9458f89516a0b8b0868f3718aec5b47" "read-manifest" "--manifest-path" "Cargo.toml", kill_on_drop: false }`
[INFO] started tweaking git repo https://github.com/TheDan64/dd-term
[INFO] finished tweaking git repo https://github.com/TheDan64/dd-term
[INFO] tweaked toml for git repo https://github.com/TheDan64/dd-term written to /workspace/builds/worker-13/source/Cargo.toml
[INFO] crate git repo https://github.com/TheDan64/dd-term already has a lockfile, it will not be regenerated
[INFO] running `Command { std: "/workspace/cargo-home/bin/cargo" "+72f88fc4e9458f89516a0b8b0868f3718aec5b47" "fetch" "--locked" "--manifest-path" "Cargo.toml", kill_on_drop: false }`
[INFO] [stderr]     Blocking waiting for file lock on package cache
[INFO] [stderr] error: the lock file /workspace/builds/worker-13/source/Cargo.lock needs to be updated but --locked was passed to prevent this
[INFO] [stderr] If you want to try to generate the lock file without accessing the network, use the --offline flag.
[INFO] the lockfile is outdated, regenerating it
[INFO] running `Command { std: "/workspace/cargo-home/bin/cargo" "+72f88fc4e9458f89516a0b8b0868f3718aec5b47" "generate-lockfile" "--manifest-path" "Cargo.toml" "-Zno-index-update", kill_on_drop: false }`
[INFO] running `Command { std: "/workspace/cargo-home/bin/cargo" "+72f88fc4e9458f89516a0b8b0868f3718aec5b47" "fetch" "--locked" "--manifest-path" "Cargo.toml", kill_on_drop: false }`
[INFO] [stderr]     Blocking waiting for file lock on package cache
[INFO] [stderr]  Downloading crates ...
[INFO] [stderr]   Downloaded conrod v0.62.1
[INFO] running `Command { std: "docker" "create" "-v" "/var/lib/crater-agent-workspace/builds/worker-13/target:/opt/rustwide/target:rw,Z" "-v" "/var/lib/crater-agent-workspace/builds/worker-13/source:/opt/rustwide/workdir:ro,Z" "-v" "/var/lib/crater-agent-workspace/cargo-home:/opt/rustwide/cargo-home:ro,Z" "-v" "/var/lib/crater-agent-workspace/rustup-home:/opt/rustwide/rustup-home:ro,Z" "-e" "SOURCE_DIR=/opt/rustwide/workdir" "-e" "CARGO_TARGET_DIR=/opt/rustwide/target" "-e" "CARGO_HOME=/opt/rustwide/cargo-home" "-e" "RUSTUP_HOME=/opt/rustwide/rustup-home" "-w" "/opt/rustwide/workdir" "-m" "1610612736" "--user" "0:0" "--network" "none" "rustops/crates-build-env@sha256:d92eaeed33fa75130ca1ee6c8a01d1ffb62bac859dfdfb3450e3e5d1c0146529" "/opt/rustwide/cargo-home/bin/cargo" "+72f88fc4e9458f89516a0b8b0868f3718aec5b47" "metadata" "--no-deps" "--format-version=1", kill_on_drop: false }`
[INFO] [stdout] e3672c13b5e730f342f9e69fda1e3febec2655d83d77bff51445cf2762dcb418
[INFO] [stderr] WARNING: Your kernel does not support swap limit capabilities or the cgroup is not mounted. Memory limited without swap.
[INFO] running `Command { std: "docker" "start" "-a" "e3672c13b5e730f342f9e69fda1e3febec2655d83d77bff51445cf2762dcb418", kill_on_drop: false }`
[INFO] running `Command { std: "docker" "inspect" "e3672c13b5e730f342f9e69fda1e3febec2655d83d77bff51445cf2762dcb418", kill_on_drop: false }`
[INFO] running `Command { std: "docker" "rm" "-f" "e3672c13b5e730f342f9e69fda1e3febec2655d83d77bff51445cf2762dcb418", kill_on_drop: false }`
[INFO] [stdout] e3672c13b5e730f342f9e69fda1e3febec2655d83d77bff51445cf2762dcb418
[INFO] running `Command { std: "docker" "create" "-v" "/var/lib/crater-agent-workspace/builds/worker-13/target:/opt/rustwide/target:rw,Z" "-v" "/var/lib/crater-agent-workspace/builds/worker-13/source:/opt/rustwide/workdir:ro,Z" "-v" "/var/lib/crater-agent-workspace/cargo-home:/opt/rustwide/cargo-home:ro,Z" "-v" "/var/lib/crater-agent-workspace/rustup-home:/opt/rustwide/rustup-home:ro,Z" "-e" "SOURCE_DIR=/opt/rustwide/workdir" "-e" "CARGO_TARGET_DIR=/opt/rustwide/target" "-e" "CARGO_INCREMENTAL=0" "-e" "RUST_BACKTRACE=full" "-e" "RUSTFLAGS=--cap-lints=forbid" "-e" "CARGO_HOME=/opt/rustwide/cargo-home" "-e" "RUSTUP_HOME=/opt/rustwide/rustup-home" "-w" "/opt/rustwide/workdir" "-m" "1610612736" "--user" "0:0" "--network" "none" "rustops/crates-build-env@sha256:d92eaeed33fa75130ca1ee6c8a01d1ffb62bac859dfdfb3450e3e5d1c0146529" "/opt/rustwide/cargo-home/bin/cargo" "+72f88fc4e9458f89516a0b8b0868f3718aec5b47" "check" "--frozen" "--all" "--all-targets" "--message-format=json", kill_on_drop: false }`
[INFO] [stdout] fac78b68df2244c6474ac49e8edb391daedcb5c37f0e0d906e6fd945290e10b9
[INFO] [stderr] WARNING: Your kernel does not support swap limit capabilities or the cgroup is not mounted. Memory limited without swap.
[INFO] running `Command { std: "docker" "start" "-a" "fac78b68df2244c6474ac49e8edb391daedcb5c37f0e0d906e6fd945290e10b9", kill_on_drop: false }`
[INFO] [stderr]    Compiling log v0.4.11
[INFO] [stderr]    Compiling bitflags v1.2.1
[INFO] [stderr]     Checking lazy_static v1.4.0
[INFO] [stderr]    Compiling unicode-xid v0.1.0
[INFO] [stderr]    Compiling semver-parser v0.7.0
[INFO] [stderr]     Checking piston-float v1.0.0
[INFO] [stderr]    Compiling rayon-core v1.8.0
[INFO] [stderr]    Compiling syn v1.0.40
[INFO] [stderr]    Compiling serde v1.0.116
[INFO] [stderr]     Checking piston-graphics_api_version v1.0.0
[INFO] [stderr]     Checking either v1.6.0
[INFO] [stderr]    Compiling cc v1.0.59
[INFO] [stderr]     Checking interpolation v0.2.0
[INFO] [stderr]     Checking fnv v1.0.7
[INFO] [stderr]     Checking find_folder v0.3.0
[INFO] [stderr]     Checking conrod v0.62.1
[INFO] [stderr]    Compiling memoffset v0.5.5
[INFO] [stderr]    Compiling crossbeam-epoch v0.8.2
[INFO] [stderr]    Compiling rayon v1.4.0
[INFO] [stderr]     Checking piston-viewport v1.0.0
[INFO] [stderr]     Checking vecmath v1.0.0
[INFO] [stderr]    Compiling proc-macro2 v0.4.30
[INFO] [stderr]     Checking num_cpus v1.13.0
[INFO] [stderr]     Checking memmap v0.7.0
[INFO] [stderr]     Checking raw-window-handle v0.3.3
[INFO] [stderr]     Checking shared_library v0.1.9
[INFO] [stderr]     Checking stb_truetype v0.3.1
[INFO] [stderr]     Checking crossbeam-utils v0.7.2
[INFO] [stderr]     Checking tiff v0.5.0
[INFO] [stderr]     Checking shader_version v0.7.0
[INFO] [stderr]     Checking dlib v0.4.2
[INFO] [stderr]     Checking x11-dl v2.18.5
[INFO] [stderr]    Compiling semver v0.9.0
[INFO] [stderr]     Checking approx v0.3.2
[INFO] [stderr]     Checking ordered-float v1.1.0
[INFO] [stderr]     Checking line_drawing v0.7.0
[INFO] [stderr]     Checking osmesa-sys v0.1.2
[INFO] [stderr]     Checking wayland-sys v0.21.13
[INFO] [stderr]     Checking crossbeam-channel v0.4.4
[INFO] [stderr]     Checking rusttype v0.8.3
[INFO] [stderr]     Checking nix v0.14.1
[INFO] [stderr]     Checking draw_state v0.8.0
[INFO] [stderr]     Checking png v0.16.7
[INFO] [stderr]    Compiling rustc_version v0.2.3
[INFO] [stderr]    Compiling gl_generator v0.14.0
[INFO] [stderr]    Compiling gl_generator v0.10.0
[INFO] [stderr]    Compiling quote v0.6.13
[INFO] [stderr]     Checking crossbeam-deque v0.7.3
[INFO] [stderr]     Checking rusttype v0.7.9
[INFO] [stderr]     Checking piston2d-graphics v0.37.0
[INFO] [stderr]     Checking gfx_core v0.9.2
[INFO] [stderr]     Checking andrew v0.2.1
[INFO] [stderr]    Compiling wayland-scanner v0.21.13
[INFO] [stderr]    Compiling parking_lot_core v0.6.2
[INFO] [stderr]    Compiling parking_lot v0.9.0
[INFO] [stderr]    Compiling libloading v0.5.2
[INFO] [stderr]    Compiling gl v0.11.0
[INFO] [stderr]    Compiling glutin_glx_sys v0.1.7
[INFO] [stderr]    Compiling glutin_egl_sys v0.1.5
[INFO] [stderr]    Compiling gfx_gl v0.6.1
[INFO] [stderr]    Compiling wayland-client v0.21.13
[INFO] [stderr]    Compiling wayland-protocols v0.21.13
[INFO] [stderr]    Compiling serde_derive v1.0.116
[INFO] [stderr]     Checking wayland-commons v0.21.13
[INFO] [stderr]     Checking gfx v0.18.2
[INFO] [stderr]     Checking jpeg-decoder v0.1.20
[INFO] [stderr]     Checking image v0.23.9
[INFO] [stderr]     Checking gfx_device_gl v0.16.2
[INFO] [stderr]     Checking pistoncore-input v1.0.0
[INFO] [stderr]     Checking piston-gfx_texture v0.41.0
[INFO] [stderr]     Checking piston2d-gfx_graphics v0.70.0
[INFO] [stderr]     Checking pistoncore-window v0.47.0
[INFO] [stderr]     Checking smithay-client-toolkit v0.4.6
[INFO] [stderr]     Checking pistoncore-event_loop v0.52.0
[INFO] [stderr]     Checking piston v0.52.0
[INFO] [stderr]     Checking winit v0.19.5
[INFO] [stderr]     Checking glutin v0.21.2
[INFO] [stderr]     Checking pistoncore-glutin_window v0.66.0
[INFO] [stderr]     Checking piston_window v0.112.0
[INFO] [stderr]     Checking dd-term v0.1.0 (/opt/rustwide/workdir)
[INFO] [stdout] error[E0432]: unresolved imports `conrod::Labelable`, `conrod::Positionable`, `conrod::Sizeable`, `conrod::Colorable`, `conrod::Theme`, `conrod::Ui`, `conrod::Widget`
[INFO] [stdout]  --> src/main.rs:5:14
[INFO] [stdout]   |
[INFO] [stdout] 5 | use conrod::{Labelable, Positionable, Sizeable, Colorable, Theme, Ui, Widget};
[INFO] [stdout]   |              ^^^^^^^^^  ^^^^^^^^^^^^  ^^^^^^^^  ^^^^^^^^^  ^^^^^  ^^  ^^^^^^ no `Widget` in the root
[INFO] [stdout]   |              |          |             |         |          |      |
[INFO] [stdout]   |              |          |             |         |          |      no `Ui` in the root
[INFO] [stdout]   |              |          |             |         |          no `Theme` in the root
[INFO] [stdout]   |              |          |             |         no `Colorable` in the root
[INFO] [stdout]   |              |          |             no `Sizeable` in the root
[INFO] [stdout]   |              |          no `Positionable` in the root
[INFO] [stdout]   |              no `Labelable` in the root
[INFO] [stdout] 
[INFO] [stdout] 
[INFO] [stdout] error[E0432]: unresolved import `conrod::color`
[INFO] [stdout]  --> src/main.rs:6:5
[INFO] [stdout]   |
[INFO] [stdout] 6 | use conrod::color;
[INFO] [stdout]   |     ^^^^^^^^^^^^^ no `color` in the root
[INFO] [stdout] 
[INFO] [stdout] 
[INFO] [stdout] warning: unused `#[macro_use]` import
[INFO] [stdout]  --> src/main.rs:1:1
[INFO] [stdout]   |
[INFO] [stdout] 1 | #[macro_use] extern crate conrod;
[INFO] [stdout]   | ^^^^^^^^^^^^
[INFO] [stdout]   |
[INFO] [stdout]   = note: `#[warn(unused_imports)]` on by default
[INFO] [stdout] 
[INFO] [stdout] 
[INFO] [stdout] warning: unused imports: `Glyphs`, `UpdateEvent`
[INFO] [stdout]  --> src/main.rs:7:32
[INFO] [stdout]   |
[INFO] [stdout] 7 | use piston_window::{EventLoop, Glyphs, PistonWindow, UpdateEvent, WindowSettings};
[INFO] [stdout]   |                                ^^^^^^                ^^^^^^^^^^^
[INFO] [stdout] 
[INFO] [stdout] 
[INFO] [stderr] error: could not compile `dd-term`.
[INFO] [stdout] error: aborting due to 2 previous errors; 2 warnings emitted
[INFO] [stdout] 
[INFO] [stdout] 
[INFO] [stderr] 
[INFO] [stdout] For more information about this error, try `rustc --explain E0432`.
[INFO] [stdout] 
[INFO] [stderr] To learn more, run the command again with --verbose.
[INFO] [stdout] error[E0432]: unresolved imports `conrod::Labelable`, `conrod::Positionable`, `conrod::Sizeable`, `conrod::Colorable`, `conrod::Theme`, `conrod::Ui`, `conrod::Widget`
[INFO] [stdout]  --> src/main.rs:5:14
[INFO] [stdout]   |
[INFO] [stdout] 5 | use conrod::{Labelable, Positionable, Sizeable, Colorable, Theme, Ui, Widget};
[INFO] [stdout]   |              ^^^^^^^^^  ^^^^^^^^^^^^  ^^^^^^^^  ^^^^^^^^^  ^^^^^  ^^  ^^^^^^ no `Widget` in the root
[INFO] [stdout]   |              |          |             |         |          |      |
[INFO] [stdout]   |              |          |             |         |          |      no `Ui` in the root
[INFO] [stdout]   |              |          |             |         |          no `Theme` in the root
[INFO] [stdout]   |              |          |             |         no `Colorable` in the root
[INFO] [stdout]   |              |          |             no `Sizeable` in the root
[INFO] [stdout]   |              |          no `Positionable` in the root
[INFO] [stdout]   |              no `Labelable` in the root
[INFO] [stdout] 
[INFO] [stdout] 
[INFO] [stderr] warning: build failed, waiting for other jobs to finish...
[INFO] [stdout] error[E0432]: unresolved import `conrod::color`
[INFO] [stdout]  --> src/main.rs:6:5
[INFO] [stdout]   |
[INFO] [stdout] 6 | use conrod::color;
[INFO] [stdout]   |     ^^^^^^^^^^^^^ no `color` in the root
[INFO] [stdout] 
[INFO] [stdout] 
[INFO] [stdout] warning: unused `#[macro_use]` import
[INFO] [stdout]  --> src/main.rs:1:1
[INFO] [stdout]   |
[INFO] [stdout] 1 | #[macro_use] extern crate conrod;
[INFO] [stdout]   | ^^^^^^^^^^^^
[INFO] [stdout]   |
[INFO] [stdout]   = note: `#[warn(unused_imports)]` on by default
[INFO] [stdout] 
[INFO] [stdout] 
[INFO] [stdout] warning: unused imports: `Glyphs`, `UpdateEvent`
[INFO] [stdout]  --> src/main.rs:7:32
[INFO] [stdout]   |
[INFO] [stdout] 7 | use piston_window::{EventLoop, Glyphs, PistonWindow, UpdateEvent, WindowSettings};
[INFO] [stdout]   |                                ^^^^^^                ^^^^^^^^^^^
[INFO] [stdout] 
[INFO] [stdout] 
[INFO] [stdout] error: aborting due to 2 previous errors; 2 warnings emitted
[INFO] [stdout] 
[INFO] [stdout] 
[INFO] [stdout] For more information about this error, try `rustc --explain E0432`.
[INFO] [stdout] 
[INFO] [stderr] error: build failed
[INFO] running `Command { std: "docker" "inspect" "fac78b68df2244c6474ac49e8edb391daedcb5c37f0e0d906e6fd945290e10b9", kill_on_drop: false }`
[INFO] running `Command { std: "docker" "rm" "-f" "fac78b68df2244c6474ac49e8edb391daedcb5c37f0e0d906e6fd945290e10b9", kill_on_drop: false }`
[INFO] [stdout] fac78b68df2244c6474ac49e8edb391daedcb5c37f0e0d906e6fd945290e10b9
